 to base 3.
12022122020
What is -4212609 (base 10) in base 8?
-20043601
Convert -a254 (base 15) to base 4.
-20113213
What is -10011000010011101001111 (base 2) in base 10?
-4990799
-8808a (base 14) to base 4
-1100122322
What is 4212505 (base 9) in base 8?
10457003
-49b764 (base 13) to base 12
-712b45
-130202420 (base 5) to base 2
-10011010001100111010
87fde (base 16) to base 12
22a426
-997133 (base 13) to base 14
-6a1228
Convert -3562666 (base 8) to base 15.
-144425
Convert 10330101200 (base 4) to base 9.
2384025
What is -4303b (base 16) in base 11?
-178258
What is 310301031 (base 4) in base 2?
110100110001001101
What is 111110110011110001 (base 2) in base 9?
431810
Convert 353152 (base 6) to base 12.
157b8
-101000010100111111 (base 2) to base 14
-442ab
What is 3113387 (base 9) in base 7?
20062525
14113300434 (base 5) to base 2
1000101000011101111001100
Convert 4724c (base 15) to base 9.
374810
What is -125e6b (base 15) in base 2?
-11010111000001101111
Convert -2568893 (base 13) to base 7.
-201311144
Convert -117170 (base 14) to base 11.
-377654
-18aa3 (base 13) to base 12
-23908
-92915 (base 15) to base 16
-71624
What is -242552 (base 11) in base 10?
-383990
What is d7908 (base 16) in base 15?
126937
Convert -1001100011100011110000 (base 2) to base 4.
-21203203300
71817 (base 10) to base 3
10122111220
What is -397153 (base 14) in base 15?
-29142d
What is -25ea2 (base 15) in base 9?
-204508
What is 2111102 (base 4) in base 12?
5642
-12413223 (base 6) to base 13
-112c83
What is -112202001 (base 4) in base 16?
-16881
-1943eb (base 16) to base 3
-10010010022110
What is 12002000 (base 5) in base 3?
12120101012
29a3081 (base 11) to base 13
10b0c50
Convert -10222001 (base 5) to base 16.
-14f74
What is -2022010001022 (base 3) in base 2?
-100101010011110101000
What is -1530433 (base 7) in base 14?
-562c3
10012202022021 (base 3) to base 9
3182267
-10063a (base 12) to base 6
-5204114
-6864 (base 14) to base 15
-5580
Convert 2213111311 (base 4) to base 16.
a7575
Convert 33303100220 (base 4) to base 13.
b20478
What is 204394 (base 10) in base 14?
546b8
-1323141 (base 9) to base 12
-2aaba7
2572310 (base 9) to base 13
3a2b19
-20242210 (base 5) to base 10
-165305
What is 22100573 (base 9) in base 16?
a31754
-aea5ea (base 16) to base 4
-223222113222
-1566145 (base 7) to base 15
-449da
Convert 102013121321 (base 4) to base 9.
8837258
-3032033030 (base 4) to base 2
-11001110001111001100
What is 2cdb (base 15) in base 7?
40103
What is 874066 (base 9) in base 14?
d7d95
What is -10210210110012 (base 3) in base 15?
-29e76e
What is -10851da (base 14) in base 13?
-181b65c
Convert -6467453 (base 8) to base 7.
-20503500
-502416 (base 8) to base 16
-2850e
Convert 4402 (base 14) to base 10.
11762
Convert 4042121 (base 5) to base 15.
14526
-234258 (base 11) to base 7
-3105353
Convert -11111011101000111110011 (base 2) to base 7.
-130042036
Convert a7471 (base 15) to base 3.
222222020021
What is 44202034 (base 5) in base 2?
1011101001001001111
What is 8016a (base 16) in base 9?
878614
Convert 114365 (base 7) to base 15.
624e
What is -3764950 (base 10) in base 5?
-1430434300
110123231 (base 4) to base 15
19be8
What is -477b92 (base 14) in base 12?
-999030
What is -22470a (base 11) in base 5?
-42420230
What is 10001110110 (base 2) in base 15?
512
c6b5 (base 16) to base 13
1a200
Convert 47a70 (base 16) to base 5.
33342423
Convert 4243064 (base 7) to base 12.
209b75
-1266870 (base 9) to base 16
-a96e6
Convert 11110100 (base 2) to base 13.
15a
Convert 143466220 (base 7) to base 2.
100100001110010010101100
What is -245517 (base 8) in base 13?
-2c7b3
What is 21212120 (base 4) in base 15?
b9b5
-1411702 (base 8) to base 5
-100221044
Convert 1047165 (base 11) to base 6.
103232454
What is -5456414 (base 8) in base 10?
-1465612
Convert 1a446 (base 13) to base 5.
3120030
-737106 (base 11) to base 6
-41150152
Convert 1335421 (base 7) to base 10.
177199
What is 2721189 (base 10) in base 9?
5106683
What is 500360 (base 12) in base 4?
10233313320
What is 101000011111101000101 (base 2) in base 9?
2442162
What is -8b649 (base 15) in base 3?
-211112102120
Convert -15716642 (base 8) to base 6.
-210042122
Convert -18711d (base 15) to base 2.
-100100010000110011101
1534143 (base 6) to base 11
61978
What is -17864146 (base 9) in base 5?
-4302032403
-1012331301 (base 4) to base 15
-5b1d3
Convert 4974897 (base 11) to base 14.
1210508
Convert 12746470 (base 8) to base 10.
2870584
What is -11804 (base 9) in base 4?
-1330012
45865 (base 9) to base 4
13132010
309a (base 15) to base 9
15071
What is 210614 (base 9) in base 15?
2713d
Convert 28846c (base 13) to base 15.
148261
3612a (base 15) to base 12
8391a
53354524 (base 6) to base 12
638a44
Convert 156774 (base 9) to base 8.
275136
-622532 (base 7) to base 15
-218b8
Convert -6437367 (base 8) to base 10.
-1720055
-1455113 (base 9) to base 8
-3042524
What is -1ef7f6 (base 16) in base 13?
-560a2b
-4478453 (base 11) to base 3
-112202112010011
Convert -2201271 (base 8) to base 15.
-b9e81
360036 (base 7) to base 10
64854
Convert -302aa (base 15) to base 14.
-3d7db
What is 3714177 (base 10) in base 7?
43366335
413521 (base 9) to base 3
110110120201
Convert -22211110122012 (base 3) to base 7.
-54616310
Convert 30851 (base 13) to base 16.
1543d
-90954 (base 10) to base 16
-1634a
Convert 1719016 (base 10) to base 8.
6435350
24025525 (base 6) to base 12
3022a5
Convert 210224221 (base 5) to base 11.
542799
3078387 (base 10) to base 8
13574363
Convert 32034170 (base 8) to base 13.
1551b50
Convert -1010100101110000100 (base 2) to base 9.
-578008
What is 33164355 (base 7) in base 8?
12712634
What is -152680 (base 12) in base 11?
-224190
Convert -1474047 (base 8) to base 12.
-185433
What is 140934 (base 11) in base 8?
657105
Convert -991896 (base 10) to base 11.
-618254
Convert 139ac0 (base 16) to base 3.
2102021102012
What is -11050461 (base 7) in base 8?
-3506134
Convert -291b7b (base 12) to base 5.
-134001240
Convert 4344324 (base 5) to base 9.
123743
Convert -51502333 (base 7) to base 4.
-100132300000
-200120031 (base 4) to base 16
-2060d
-605024 (base 10) to base 14
-11a6c0
What is 111111010001010011 (base 2) in base 11?
167786
120022011222 (base 3) to base 2
1001001100010011011
What is -c357 (base 15) in base 9?
-62531
What is 110060 (base 14) in base 8?
2145504
What is -3b1a6 (base 15) in base 2?
-101110001111000101
What is -111000010000000011 (base 2) in base 16?
-38403
347a6 (base 11) to base 4
30100202
Convert 131310120 (base 4) to base 2.
11101110100011000
-31220 (base 14) to base 13
-41b88
Convert 13311451 (base 6) to base 5.
103214134
-38c60 (base 15) to base 13
-648c3
124002223 (base 5) to base 8
2246630
What is -1520022 (base 6) in base 2?
-10101100001001110
Convert -4243213 (base 5) to base 2.
-10001100000000011
What is 424124400 (base 5) in base 12?
721841
-989cb (base 13) to base 12
-113aa1
What is -11216150 (base 7) in base 11?
-609888
What is -1234281 (base 9) in base 15?
-d434d
36068 (base 11) to base 10
51983
Convert -3124204001 (base 5) to base 16.
-62ceed
Convert -b35b7 (base 15) to base 9.
-1055501
-1015451040 (base 6) to base 10
-10628736
-36061 (base 13) to base 15
-1e4b4
What is 5593c6 (base 13) in base 8?
7550600
What is -1322231012 (base 4) in base 15?
-9ddb8
757870 (base 10) to base 16
b906e
Convert 163044 (base 7) to base 3.
1122021100
7470a (base 16) to base 8
1643412
Convert 4041121 (base 5) to base 6.
1221401
1b30c07 (base 13) to base 3
121221011222001
What is -70920 (base 13) in base 5?
-22421344
Convert 2a1d0 (base 16) to base 6.
3410332
Convert -483c3 (base 15) to base 13.
-80b0b
What is -32364a5 (base 12) in base 10?
-9528893
Convert 12a5ba (base 13) to base 10.
451383
Convert -530115 (base 7) to base 14.
-253b5
What is -8d6369 (base 14) in base 5?
-2213203040
What is 20123130233 (base 4) in base 11?
127a102
1ab0b (base 13) to base 14
1514d
What is 538a8 (base 11) in base 9?
128342
Convert -10324030 (base 5) to base 16.
-15cb1
262876 (base 11) to base 5
101214121
Convert -268b9 (base 13) to base 12.
-35680
Convert 140010313 (base 5) to base 2.
10101011110101011001
Convert -1111011000010110101010 (base 2) to base 9.
-7524664
What is -316837 (base 11) in base 13?
-149899
663125 (base 9) to base 14
a4423
Convert -bcb74 (base 15)